nder when 135/8 - (-9)/72 is divided by 9?
8
Let q be (-1)/4 - 23/4. Suppose -5*s = 3*i - 178 - 33, s + i - 41 = 0. What is the remainder when s is divided by (5 + -15)/(q/9)?
14
Suppose 0 = -i + 20 - 16. Calculate the remainder when i/((-6)/3) + 72 is divided by 18.
16
Suppose 0 = 5*v - 44 - 36. Let r(l) = l**3 + 4*l**2 - l - 2. Let i be r(-4). Calculate the remainder when v is divided by 13/i + 2/(-4).
4
Let y(d) = d**2 - d. Let w be y(-2). Suppose -3*s = -w - 39. Calculate the remainder when (3/(-6))/(2/(-172)) is divided by s.
13
Suppose -4*l = -64 - 28. Let z = 1 - -2. Suppose 0*h = -z*h + 24. What is the remainder when l is divided by h?
7
Let z = 5 + 1. Let n(c) = c**2 + 12*c + 14. Let a be n(-11). Suppose -a*l + 2*l = -3. Calculate the remainder when z is divided by l.
0
Suppose 13*f - 276 = 712. Calculate the remainder when f is divided by 40.
36
Let v = 7 - 2. Suppose v*w + 18 = 4*f, -w + 4*w = 4*f - 22. What is the remainder when f is divided by 3/(2 - 1 - 0)?
1
Suppose -o - 20 = -6*o. Suppose 2 + 6 = 4*a. Let p = o + a. What is the remainder when 17 is divided by p?
5
What is the remainder when (-4)/6 - (-112)/24 is divided by 3?
1
Let w be (-4)/14 + 270/14. Calculate the remainder when w/(3/(-9)*-3) is divided by 7.
5
Suppose 0 = -2*m + 4*b - 34, -3*m + 2 - 3 = 4*b. Let a = 11 + m. Suppose 32 + 20 = a*h. What is the remainder when 38 is divided by h?
12
Let r be 160/8*1/4. Suppose -2*f + 68 = r*m + 4, 0 = m - 4. What is the remainder when 41 is divided by f?
19
Let y(w) = -2*w - 2. Let i be y(-2). Suppose 44 = 4*c - i*c. Suppose 0 = -84*k + 80*k + 24. Calculate the remainder when c is divided by k.
4
Let m(r) = -r - 6. Suppose 5*z + 0 = 25. Suppose -4*h + 5*y = -5*h + 23, 2*y + 34 = z*h. Calculate the remainder when h is divided by m(-9).
2
Let q = -4 + 6. Suppose x + 39 = q*x + 5*i, 2*x - 2*i - 18 = 0. Suppose -5*n - m = m - x, -n - 3*m - 5 = 0. What is the remainder when 10 is divided by n?
2
Suppose -r + 3*r - 12 = 0. Let p = 18 + -1. What is the remainder when p is divided by r?
5
Let u = -40 - -47. Calculate the remainder when u is divided by 4.
3
What is the remainder when 40 is divided by (-2)/(-12) + 913/66?
12
Let l = -13 - -17. Calculate the remainder when 7 is divided by l.
3
Let o(l) = -2*l - 7. Suppose 4*k - 3*k + 8 = 0. Let f(n) = n**2 + 6*n - 8. What is the remainder when f(k) is divided by o(-5)?
2
Let i be (-21)/(-2)*(-12)/7. What is the remainder when 71 is divided by i/(-8)*48/6?
17
Let t = -1 + 0. Let d be 35/(-2) + t/2. Calculate the remainder when 4/d - 110/(-9) is divided by 7.
5
Let q = 1 - 1. Let v(r) = -r + 10. Let s be v(q). Suppose -l + s + 4 = 0. Calculate the remainder when 27 is divided by l.
13
Let a = -53 - -63. Calculate the remainder when 29 is divided by a.
9
Let a(u) = -u**2 + 9*u. What is the remainder when a(7) is divided by 4?
2
Let s = -22 + 29. Let z(m) = 6*m - 7. Calculate the remainder when 69 is divided by z(s).
34
Let z be -2 - -1 - (0 + 1). What is the remainder when 2 is divided by (-1)/(6/z - -2)?
0
Let f(d) = -d - 7. What is the remainder when 4 is divided by f(-10)?
1
Let x be ((-6)/4)/(9/(-984)). Let f = x + -105. Suppose -2*m - 2*m = -60. What is the remainder when f is divided by m?
14
Suppose -18 = -9*g + 7*g. Let m(h) = -4*h + 2. Let v be m(-5). Suppose v = n + 5. What is the remainder when n is divided by g?
8
Let k(u) = -71*u - 1. Let p be k(-1). Suppose 0 = 5*a - 2*t - 98, -5*t + p = 4*a + a. Calculate the remainder when a is divided by 7.
4
Let h = 10 + 1. What is the remainder when 32 is divided by h?
10
Suppose 2*l = 2*f + 164, 4*f + 24 = 20. What is the remainder when l is divided by 21?
18
What is the remainder when 47 is divided by ((-30)/(-9) + -3)*9 + 9?
11
Calculate the remainder when 11 is divided by 3/(-1)*(-2)/2.
2
Let j(x) be the second derivative of 3*x**3/2 - x**2/2 + 3*x. Calculate the remainder when 50 is divided by j(2).
16
Let p be (1 + (-1 - 1))*90. Let w(q) = -2*q - 2. What is the remainder when ((-14)/(-6))/((-15)/p) is divided by w(-3)?
2
Let o = -7 + 11. Suppose -2*i - o*m + 5 = m, 0 = -4*i + 3*m - 3. Suppose i = 5*q - 7*q + 18. What is the remainder when 16 is divided by q?
7
Suppose 2*u + 8 = 3*u. Let r(w) = 6*w + 2. Calculate the remainder when r(u) is divided by 0 + (-1)/((-1)/17).
16
Suppose -u + 24 + 23 = 0. Let d = u + -30. Calculate the remainder when 50 is divided by d.
16
Let z = 0 + 0. Suppose z = k - 15. Let n = 54 - 26. Calculate the remainder when n is divided by k.
13
What is the remainder when 57/(-6)*-1*8 is divided by 40?
36
Suppose -k - 3 = 5. Suppose 2*f = -w + 4 + 5, w - 15 = -5*f. Calculate the remainder when f is divided by 3/2*k/(-6).
0
Let d = 7 + 113. Let y = -53 + d. Calculate the remainder when y is divided by 17.
16
Suppose -3*c + 229 - 88 = 0. Let g be (-155)/(-10) - 1/2. Let s = 1 + g. What is the remainder when c is divided by s?
15
Let y(m) = -5*m + 3. Suppose -54 - 21 = -5*z. Calculate the remainder when y(-5) is divided by z.
13
Let p be ((-13)/(-4) + 0)*4. Let k = 10 + p. Suppose -148 = t - 215. Calculate the remainder when t is divided by k.
21
Suppose m + 378 = 3*m. Suppose -2*r + 323 = 3*r - 3*k, -3*k = 3*r - m. Suppose -4*s = 16 - r. Calculate the remainder when 22 is divided by s.
10
Let x be ((-36)/21)/((-4)/42). Suppose a = -0*a + x. What is the remainder when a is divided by 5?
3
Suppose -32 = -3*q + 5*b, -3*q + 6*q - b = 28. What is the remainder when 51 is divided by q/6*(-52)/(-3)?
25
Let g = 20 + -12. Calculate the remainder when 29 is divided by g.
5
Suppose -3*v + 1 = -4*v, -2*v + 8 = 2*s. Suppose 28 = 2*g + s*f, 3*g + 2*f - 67 = 7*f. Suppose -3*l + 53 = -g. What is the remainder when 70 is divided by l?
22
Let a = 59 + -45. Calculate the remainder when 67 is divided by a.
11
Suppose 18 = 3*p - 2*c, 2*c = -4*p + 6 + 4. Suppose -4*k = p*n - 96, -7*k + 2*k - 2*n = -108. Calculate the remainder when k is divided by (-1*1)/(3/(-33)).
9
Let g(h) = h**2 - 7*h - 13. Suppose -f - 1 = -28. What is the remainder when 1/(f/(-14) + 2) is divided by g(9)?
4
Suppose l = -b + 14, 6 = 2*b - l - 25. Calculate the remainder when 58 is divided by b.
13
Suppose d = k + 8, -4*d + 57 = -3*k + 4*k. Suppose -y = -2*y + 5*p + 16, -5*y + 5*p = 0. Let t = y + 9. What is the remainder when d is divided by t?
3
Suppose u = 6*u - 15. Let x = 30 + u. What is the remainder when x is divided by 9?
6
Let c(d) = -d**2 - 6*d + 5. Let b be c(-6). Let k = 4 - b. What is the remainder when 27 is divided by (3 - -11) + 0/k?
13
Let x = -17 + -32. Let l = x + 111. Calculate the remainder when l is divided by 21.
20
Let i be (-7)/(-4) - 2/(-8). Suppose 0*j = -i*j + 32. Calculate the remainder when j is divided by 6.
4
Let g be -2 - (-2 - 0 - 5). Let s be (-2)/(-7)*(g - -2). Suppose 0 = s*z - 3*c - 5 - 3, -5*z = 2*c - 20. What is the remainder when 6 is divided by z?
2
Let f be (29/3)/((-4)/(-24)). Suppose 2*i - f = i. Calculate the remainder when i is divided by 15.
13
Let u(c) = -9*c - 18. Calculate the remainder when u(-6) is divided by 8.
4
Let k(l) = -l**2 - 4*l + 3. What is the remainder when 8 is divided by k(-4)?
2
Let r be 39/6 - (-2)/(-4). Suppose 5*l - 6 = 2*u, r + 6 = 2*l + 4*u. Suppose 0*q + 64 = l*c - 3*q, 5*q = 0. What is the remainder when c is divided by 11?
10
Let v = -4 - -7. Suppose 4*j + 2*q - 6 = 16, -3*j = -q - 29. What is the remainder when j is divided by v?
2
Let m(y) be the first derivative of y**3/3 + y**2/2 + 24*y - 3. Let n be m(0). Let o = 44 - n. Calculate the remainder when 38 is divided by o.
18
Let h(k) = -14*k + 16. Calculate the remainder when h(-3) is divided by 21.
16
Let u(a) = -5*a + 20. What is the remainder when u(-10) is divided by 25?
20
Let q = -4 - -7. Suppose b - 20 = -q*b. Calculate the remainder when b is divided by 3.
2
Let s(v) = 8*v**2 - 2*v + 4. Let l be s(3). Let c = l - 28. Calculate the remainder when c is divided by 22.
20
Calculate the remainder when (-78)/(-9)*(5 - -1) is divided by 14.
10
Suppose -3*p - t = -4*p, 3*t = p + 2. Calculate the remainder when 1 is divided by p.
0
Let o = 79 + -41. Calculate the remainder when o is divided by 20.
18
Suppose -3*o + 128 = 2*a - 0*a, -2*a = -5*o - 160. Calculate the remainder when a is divided by 24.
22
Let r(b) be the second derivative 